{"id":18723,"date":"2025-04-29T13:31:53","date_gmt":"2025-04-29T11:31:53","guid":{"rendered":"https:\/\/cocreix.ddgi.cat\/web\/?page_id=18723"},"modified":"2026-04-27T12:27:21","modified_gmt":"2026-04-27T10:27:21","slug":"codigital","status":"publish","type":"page","link":"https:\/\/cocreix.ddgi.cat\/web\/codigital\/","title":{"rendered":"CO-Digital"},"content":{"rendered":"<div class=\"wpb-content-wrapper\"><p>[vc_row css_animation=&#8221;&#8221; row_type=&#8221;row&#8221; use_row_as_full_screen_section=&#8221;no&#8221; type=&#8221;grid&#8221; angled_section=&#8221;no&#8221; text_align=&#8221;left&#8221; background_image_as_pattern=&#8221;without_pattern&#8221; css=&#8221;.vc_custom_1707834357899{background-color: #ffffff !important;}&#8221; el_id=&#8221;menuinici&#8221; z_index=&#8221;&#8221;][vc_column width=&#8221;1\/2&#8243;][vc_empty_space height=&#8221;70px&#8221;][vc_column_text css=&#8221;&#8221;]<\/p>\n<h2><span style=\"color: #000000;\">Oficina CO-Digital<\/span><\/h2>\n<p>[\/vc_column_text][vc_empty_space height=&#8221;10px&#8221;][vc_column_text]<\/p>\n<h4>Digitalitzem el territori giron\u00ed<\/h4>\n<p>[\/vc_column_text][vc_empty_space height=&#8221;27px&#8221;][vc_column_text css=&#8221;&#8221;]<\/p>\n<p style=\"text-align: left;\">L\u2019oficina CO-Digital \u00e9s una iniciativa de la Diputaci\u00f3 de Girona amb l\u2019objectiu d\u2019impulsar la transformaci\u00f3 digital del teixit empresarial giron\u00ed.<\/p>\n<p style=\"text-align: left;\">L&#8217;oficina disposa d\u2019un expert\u00a0en digitalitzaci\u00f3 que acompanya l\u2019empresa en tot el proc\u00e9s d\u2019identificaci\u00f3 d\u2019oportunitats de digitalitzaci\u00f3, d\u2019implementaci\u00f3 de les solucions digitals i de sol\u00b7licitud de les ajudes p\u00fabliques disponibles. Tamb\u00e9 es forma l\u2019empresa en l\u2019\u00fas de les diverses eines digitals.<\/p>\n<p style=\"text-align: left;\">Els serveis s\u00f3n totalment gratu\u00efts.<\/p>\n<p>[\/vc_column_text][\/vc_column][vc_column width=&#8221;1\/2&#8243;][vc_empty_space height=&#8221;70px&#8221;][vc_single_image image=&#8221;18732&#8243; img_size=&#8221;large&#8221; css=&#8221;&#8221; qode_css_animation=&#8221;&#8221;][vc_empty_space height=&#8221;70px&#8221;][\/vc_column][\/vc_row][vc_row css_animation=&#8221;&#8221; row_type=&#8221;row&#8221; use_row_as_full_screen_section=&#8221;no&#8221; type=&#8221;grid&#8221; angled_section=&#8221;no&#8221; text_align=&#8221;left&#8221; background_image_as_pattern=&#8221;without_pattern&#8221; css=&#8221;.vc_custom_1707837285803{background-color: #f0f0f0 !important;}&#8221; z_index=&#8221;&#8221;][vc_column][vc_empty_space height=&#8221;50px&#8221;][\/vc_column][\/vc_row][vc_row css_animation=&#8221;&#8221; row_type=&#8221;row&#8221; use_row_as_full_screen_section=&#8221;no&#8221; type=&#8221;grid&#8221; angled_section=&#8221;no&#8221; text_align=&#8221;left&#8221; background_image_as_pattern=&#8221;without_pattern&#8221; css=&#8221;.vc_custom_1705672923110{background-color: #f0f0f0 !important;}&#8221; z_index=&#8221;&#8221;][vc_column][vc_column_text]<\/p>\n<h4>A qui s\u2019adre\u00e7a<\/h4>\n<p>[\/vc_column_text][vc_empty_space height=&#8221;30px&#8221;][vc_column_text css=&#8221;&#8221;]Els serveis d\u2019assessorament s\u2019adrecen a aut\u00f2noms, micropimes i pimes de qualsevol sector de la prov\u00edncia de Girona.[\/vc_column_text][vc_empty_space height=&#8221;30px&#8221;][vc_column_text css=&#8221;&#8221;]<\/p>\n<h4>En qu\u00e8 consisteix?<\/h4>\n<p>[\/vc_column_text][vc_empty_space height=&#8221;30px&#8221;][vc_column_text css=&#8221;&#8221;]L\u2019agent digitalitzador de l\u2019Oficina CO-Digital assessora, orienta i dona suport en tot el proc\u00e9s de transformaci\u00f3 digital, des de la detecci\u00f3 de les oportunitats de digitalitzaci\u00f3 fins a\u00a0 la implementaci\u00f3 de les solucions digitals.<\/p>\n<p>Els serveis que oferim s\u00f3n:<\/p>\n<ul>\n<li>Diagnosi de maduresa digital de l\u2019empresa i identificaci\u00f3 dels punts per millorar<\/li>\n<li>Assessorament personalitzat, orientaci\u00f3 i impuls digital<\/li>\n<li>Tramitaci\u00f3 d\u2019ajuts (Kit Digital i Generaci\u00f3 Digital)<\/li>\n<li>Activitats formatives per millorar les compet\u00e8ncies digitals dels empresaris.<\/li>\n<\/ul>\n<p>[\/vc_column_text][vc_empty_space height=&#8221;50px&#8221;][\/vc_column][\/vc_row][vc_row css_animation=&#8221;&#8221; row_type=&#8221;row&#8221; use_row_as_full_screen_section=&#8221;no&#8221; type=&#8221;grid&#8221; angled_section=&#8221;no&#8221; text_align=&#8221;left&#8221; background_image_as_pattern=&#8221;without_pattern&#8221; css=&#8221;.vc_custom_1707833889360{padding-top: 50px !important;padding-bottom: 50px !important;background-color: #ffffff !important;}&#8221; z_index=&#8221;&#8221;][vc_column][vc_column_text css=&#8221;&#8221;]<\/p>\n<h2>Digitalitza la teva empresa. No et quedis enrere!<\/h2>\n<p>[\/vc_column_text][\/vc_column][\/vc_row][vc_row css_animation=&#8221;&#8221; row_type=&#8221;row&#8221; use_row_as_full_screen_section=&#8221;no&#8221; type=&#8221;grid&#8221; angled_section=&#8221;no&#8221; text_align=&#8221;left&#8221; background_image_as_pattern=&#8221;without_pattern&#8221; z_index=&#8221;&#8221; css=&#8221;.vc_custom_1745926816359{padding-top: 50px !important;background-color: #F0F0F0 !important;}&#8221;][vc_column width=&#8221;1\/4&#8243;][vc_empty_space height=&#8221;30px&#8221;][vc_column_text css=&#8221;&#8221;]<\/p>\n<h4 style=\"text-align: center;\"><strong>Podeu contactar a:<\/strong><\/h4>\n<p>[\/vc_column_text][vc_empty_space height=&#8221;40px&#8221;][vc_single_image image=&#8221;18750&#8243; img_size=&#8221;25&#215;25&#8243; alignment=&#8221;center&#8221; css=&#8221;&#8221; qode_css_animation=&#8221;&#8221;][vc_empty_space height=&#8221;10px&#8221;][vc_column_text css=&#8221;&#8221;]<\/p>\n<p style=\"text-align: center;\">972 143 061<\/p>\n<p>[\/vc_column_text][vc_empty_space height=&#8221;30px&#8221;][vc_single_image image=&#8221;18760&#8243; img_size=&#8221;25&#215;25&#8243; alignment=&#8221;center&#8221; css=&#8221;&#8221; qode_css_animation=&#8221;&#8221;][vc_empty_space height=&#8221;10px&#8221;][vc_column_text css=&#8221;&#8221;]<\/p>\n<p style=\"text-align: center;\"><a href=\"https:\/\/wa.me\/34663704015\">663 704 015<\/a><\/p>\n<p>[\/vc_column_text][vc_empty_space height=&#8221;30px&#8221;][vc_single_image image=&#8221;18761&#8243; img_size=&#8221;25&#215;25&#8243; alignment=&#8221;center&#8221; css=&#8221;&#8221; qode_css_animation=&#8221;&#8221;][vc_empty_space height=&#8221;10px&#8221;][vc_column_text css=&#8221;&#8221;]<\/p>\n<p style=\"text-align: center;\"><a href=\"mailto:codigital@ddgi.cat\">codigital@ddgi.cat<\/a><\/p>\n<p>[\/vc_column_text][vc_empty_space][\/vc_column][vc_column width=&#8221;3\/4&#8243;][vc_empty_space height=&#8221;10px&#8221;][vc_raw_html css=&#8221;&#8221;]JTNDcCUzRSU1QmdyYXZpdHlmb3JtJTIwaWQlM0QlMjIxNCUyMiUyMHRpdGxlJTNEJTIydHJ1ZSUyMiU1RCUzQyUyRnAlM0U=[\/vc_raw_html][vc_empty_space][\/vc_column][\/vc_row][vc_row css_animation=&#8221;&#8221; row_type=&#8221;row&#8221; use_row_as_full_screen_section=&#8221;no&#8221; type=&#8221;grid&#8221; angled_section=&#8221;no&#8221; text_align=&#8221;left&#8221; background_image_as_pattern=&#8221;without_pattern&#8221; css=&#8221;.vc_custom_1745493457387{padding-top: 50px !important;padding-bottom: 20px !important;background-color: #FFFFFF !important;}&#8221; z_index=&#8221;&#8221;][vc_column][vc_column_text css=&#8221;&#8221;]<\/p>\n<h2>Altres recursos d&#8217;inter\u00e8s<\/h2>\n<p>[\/vc_column_text][vc_column_text css=&#8221;&#8221;]<\/p>\n<h4><a href=\"https:\/\/www.ddgi.cat\/formacioenxarxa\" target=\"_blank\" rel=\"noopener\">www.ddgi.cat\/formacioenxarxa<\/a><\/h4>\n<p>[\/vc_column_text][vc_empty_space height=&#8221;20px&#8221;][vc_column_text][\/vc_column_text][vc_empty_space height=&#8221;50px&#8221;][vc_column_text css=&#8221;&#8221;]<\/p>\n<h3>Properes Formacions CO-Digital<\/h3>\n<p>[\/vc_column_text][vc_raw_html css=&#8221;&#8221;]JTNDaWZyYW1lJTIwc3JjJTNEJTIyaHR0cHMlM0ElMkYlMkZ3d3cuZGRnaS5jYXQlMkZmb3JtYWNpb2VueGFyeGElMkZmYWNlcyUyRnB1YmxpYyUyRmN1cnNvc0VudGl0YXQueGh0bWwlM0ZlbnRpdGF0JTNEMTYlMjZ0aXB1cyUzRFRBUkdFVEVTJTI2ZGVzdGluYXRhcmlzJTNETSUyQ0UlMkNUJTI2Y29sb3JGb25zJTNEZmZmZmZmJTI2Y29sb3JMbGV0cmElM0QwMDAwMDAlMjZtaWRhTGxldHJhJTNEMTAlMjZtaWRhTGxldHJhVGl0b2wlM0QxOCUyNnRpcHVzTGxldHJhVGl0b2wlM0RBcmlhbCUyNnRpcHVzTGxldHJhJTNEQXJpYWwlMjIlMjB3aWR0aCUzRCUyMjEyMDAlMjIlMjBoZWlnaHQlM0QlMjIzMDAlMjIlMjBzdHlsZSUzRCUyMmJvcmRlciUzQTAlMjIlMjBmcmFtZWJvcmRlciUzRCUyMjAlMjIlM0UlM0MlMkZpZnJhbWUlM0U=[\/vc_raw_html][vc_empty_space height=&#8221;50px&#8221;][\/vc_column][\/vc_row]<\/p>\n<\/div>","protected":false},"excerpt":{"rendered":"<p>[vc_row css_animation=&#8221;&#8221; row_type=&#8221;row&#8221; use_row_as_full_screen_section=&#8221;no&#8221; type=&#8221;grid&#8221; angled_section=&#8221;no&#8221; text_align=&#8221;left&#8221; background_image_as_pattern=&#8221;without_pattern&#8221; css=&#8221;.vc_custom_1707834357899{background-color: #ffffff !important;}&#8221; el_id=&#8221;menuinici&#8221; z_index=&#8221;&#8221;][vc_column width=&#8221;1\/2&#8243;][vc_empty_space height=&#8221;70px&#8221;][vc_column_text css=&#8221;&#8221;] Oficina CO-Digital [\/vc_column_text][vc_empty_space height=&#8221;10px&#8221;][vc_column_text] Digitalitzem el territori giron\u00ed [\/vc_column_text][vc_empty_space height=&#8221;27px&#8221;][vc_column_text css=&#8221;&#8221;] L\u2019oficina CO-Digital \u00e9s una iniciativa de la Diputaci\u00f3 de Girona amb l\u2019objectiu d\u2019impulsar la transformaci\u00f3 digital del teixit&#8230;<\/p>\n","protected":false},"author":1,"featured_media":0,"parent":0,"menu_order":0,"comment_status":"closed","ping_status":"closed","template":"full_width.php","meta":{"inline_featured_image":false,"footnotes":""},"class_list":["post-18723","page","type-page","status-publish","hentry"],"_links":{"self":[{"href":"https:\/\/cocreix.ddgi.cat\/web\/wp-json\/wp\/v2\/pages\/18723","targetHints":{"allow":["GET"]}}],"collection":[{"href":"https:\/\/cocreix.ddgi.cat\/web\/wp-json\/wp\/v2\/pages"}],"about":[{"href":"https:\/\/cocreix.ddgi.cat\/web\/wp-json\/wp\/v2\/types\/page"}],"author":[{"embeddable":true,"href":"https:\/\/cocreix.ddgi.cat\/web\/wp-json\/wp\/v2\/users\/1"}],"replies":[{"embeddable":true,"href":"https:\/\/cocreix.ddgi.cat\/web\/wp-json\/wp\/v2\/comments?post=18723"}],"version-history":[{"count":43,"href":"https:\/\/cocreix.ddgi.cat\/web\/wp-json\/wp\/v2\/pages\/18723\/revisions"}],"predecessor-version":[{"id":18946,"href":"https:\/\/cocreix.ddgi.cat\/web\/wp-json\/wp\/v2\/pages\/18723\/revisions\/18946"}],"wp:attachment":[{"href":"https:\/\/cocreix.ddgi.cat\/web\/wp-json\/wp\/v2\/media?parent=18723"}],"curies":[{"name":"wp","href":"https:\/\/api.w.org\/{rel}","templated":true}]}}

<div class="wpb-content-wrapper"><p>[vc_row css_animation=&#8221;&#8221; row_type=&#8221;row&#8221; use_row_as_full_screen_section=&#8221;no&#8221; type=&#8221;grid&#8221; angled_section=&#8221;no&#8221; text_align=&#8221;left&#8221; background_image_as_pattern=&#8221;without_pattern&#8221; css=&#8221;.vc_custom_1707834357899{background-color: #ffffff !important;}&#8221; el_id=&#8221;menuinici&#8221; z_index=&#8221;&#8221;][vc_column width=&#8221;1/2&#8243;][vc_empty_space height=&#8221;70px&#8221;][vc_column_text css=&#8221;&#8221;]</p>
<h2><span style="color: #000000;">Oficina CO-Digital</span></h2>
<p>[/vc_column_text][vc_empty_space height=&#8221;10px&#8221;][vc_column_text]</p>
<h4>Digitalitzem el territori gironí</h4>
<p>[/vc_column_text][vc_empty_space height=&#8221;27px&#8221;][vc_column_text css=&#8221;&#8221;]</p>
<p style="text-align: left;">L’oficina CO-Digital és una iniciativa de la Diputació de Girona amb l’objectiu d’impulsar la transformació digital del teixit empresarial gironí.</p>
<p style="text-align: left;">L&#8217;oficina disposa d’un expert en digitalització que acompanya l’empresa en tot el procés d’identificació d’oportunitats de digitalització, d’implementació de les solucions digitals i de sol·licitud de les ajudes públiques disponibles. També es forma l’empresa en l’ús de les diverses eines digitals.</p>
<p style="text-align: left;">Els serveis són totalment gratuïts.</p>
<p>[/vc_column_text][/vc_column][vc_column width=&#8221;1/2&#8243;][vc_empty_space height=&#8221;70px&#8221;][vc_single_image image=&#8221;18732&#8243; img_size=&#8221;large&#8221; css=&#8221;&#8221; qode_css_animation=&#8221;&#8221;][vc_empty_space height=&#8221;70px&#8221;][/vc_column][/vc_row][vc_row css_animation=&#8221;&#8221; row_type=&#8221;row&#8221; use_row_as_full_screen_section=&#8221;no&#8221; type=&#8221;grid&#8221; angled_section=&#8221;no&#8221; text_align=&#8221;left&#8221; background_image_as_pattern=&#8221;without_pattern&#8221; css=&#8221;.vc_custom_1707837285803{background-color: #f0f0f0 !important;}&#8221; z_index=&#8221;&#8221;][vc_column][vc_empty_space height=&#8221;50px&#8221;][/vc_column][/vc_row][vc_row css_animation=&#8221;&#8221; row_type=&#8221;row&#8221; use_row_as_full_screen_section=&#8221;no&#8221; type=&#8221;grid&#8221; angled_section=&#8221;no&#8221; text_align=&#8221;left&#8221; background_image_as_pattern=&#8221;without_pattern&#8221; css=&#8221;.vc_custom_1705672923110{background-color: #f0f0f0 !important;}&#8221; z_index=&#8221;&#8221;][vc_column][vc_column_text]</p>
<h4>A qui s’adreça</h4>
<p>[/vc_column_text][vc_empty_space height=&#8221;30px&#8221;][vc_column_text css=&#8221;&#8221;]Els serveis d’assessorament s’adrecen a autònoms, micropimes i pimes de qualsevol sector de la província de Girona.[/vc_column_text][vc_empty_space height=&#8221;30px&#8221;][vc_column_text css=&#8221;&#8221;]</p>
<h4>En què consisteix?</h4>
<p>[/vc_column_text][vc_empty_space height=&#8221;30px&#8221;][vc_column_text css=&#8221;&#8221;]L’agent digitalitzador de l’Oficina CO-Digital assessora, orienta i dona suport en tot el procés de transformació digital, des de la detecció de les oportunitats de digitalització fins a  la implementació de les solucions digitals.</p>
<p>Els serveis que oferim són:</p>
<ul>
<li>Diagnosi de maduresa digital de l’empresa i identificació dels punts per millorar</li>
<li>Assessorament personalitzat, orientació i impuls digital</li>
<li>Tramitació d’ajuts (Kit Digital i Generació Digital)</li>
<li>Activitats formatives per millorar les competències digitals dels empresaris.</li>
</ul>
<p>[/vc_column_text][vc_empty_space height=&#8221;50px&#8221;][/vc_column][/vc_row][vc_row css_animation=&#8221;&#8221; row_type=&#8221;row&#8221; use_row_as_full_screen_section=&#8221;no&#8221; type=&#8221;grid&#8221; angled_section=&#8221;no&#8221; text_align=&#8221;left&#8221; background_image_as_pattern=&#8221;without_pattern&#8221; css=&#8221;.vc_custom_1707833889360{padding-top: 50px !important;padding-bottom: 50px !important;background-color: #ffffff !important;}&#8221; z_index=&#8221;&#8221;][vc_column][vc_column_text css=&#8221;&#8221;]</p>
<h2>Digitalitza la teva empresa. No et quedis enrere!</h2>
<p>[/vc_column_text][/vc_column][/vc_row][vc_row css_animation=&#8221;&#8221; row_type=&#8221;row&#8221; use_row_as_full_screen_section=&#8221;no&#8221; type=&#8221;grid&#8221; angled_section=&#8221;no&#8221; text_align=&#8221;left&#8221; background_image_as_pattern=&#8221;without_pattern&#8221; z_index=&#8221;&#8221; css=&#8221;.vc_custom_1745926816359{padding-top: 50px !important;background-color: #F0F0F0 !important;}&#8221;][vc_column width=&#8221;1/4&#8243;][vc_empty_space height=&#8221;30px&#8221;][vc_column_text css=&#8221;&#8221;]</p>
<h4 style="text-align: center;"><strong>Podeu contactar a:</strong></h4>
<p>[/vc_column_text][vc_empty_space height=&#8221;40px&#8221;][vc_single_image image=&#8221;18750&#8243; img_size=&#8221;25&#215;25&#8243; alignment=&#8221;center&#8221; css=&#8221;&#8221; qode_css_animation=&#8221;&#8221;][vc_empty_space height=&#8221;10px&#8221;][vc_column_text css=&#8221;&#8221;]</p>
<p style="text-align: center;">972 143 061</p>
<p>[/vc_column_text][vc_empty_space height=&#8221;30px&#8221;][vc_single_image image=&#8221;18760&#8243; img_size=&#8221;25&#215;25&#8243; alignment=&#8221;center&#8221; css=&#8221;&#8221; qode_css_animation=&#8221;&#8221;][vc_empty_space height=&#8221;10px&#8221;][vc_column_text css=&#8221;&#8221;]</p>
<p style="text-align: center;"><a href="https://wa.me/34663704015">663 704 015</a></p>
<p>[/vc_column_text][vc_empty_space height=&#8221;30px&#8221;][vc_single_image image=&#8221;18761&#8243; img_size=&#8221;25&#215;25&#8243; alignment=&#8221;center&#8221; css=&#8221;&#8221; qode_css_animation=&#8221;&#8221;][vc_empty_space height=&#8221;10px&#8221;][vc_column_text css=&#8221;&#8221;]</p>
<p style="text-align: center;"><a href="mailto:codigital@ddgi.cat">codigital@ddgi.cat</a></p>
<p>[/vc_column_text][vc_empty_space][/vc_column][vc_column width=&#8221;3/4&#8243;][vc_empty_space height=&#8221;10px&#8221;][vc_raw_html css=&#8221;&#8221;]JTNDcCUzRSU1QmdyYXZpdHlmb3JtJTIwaWQlM0QlMjIxNCUyMiUyMHRpdGxlJTNEJTIydHJ1ZSUyMiU1RCUzQyUyRnAlM0U=[/vc_raw_html][vc_empty_space][/vc_column][/vc_row][vc_row css_animation=&#8221;&#8221; row_type=&#8221;row&#8221; use_row_as_full_screen_section=&#8221;no&#8221; type=&#8221;grid&#8221; angled_section=&#8221;no&#8221; text_align=&#8221;left&#8221; background_image_as_pattern=&#8221;without_pattern&#8221; css=&#8221;.vc_custom_1745493457387{padding-top: 50px !important;padding-bottom: 20px !important;background-color: #FFFFFF !important;}&#8221; z_index=&#8221;&#8221;][vc_column][vc_column_text css=&#8221;&#8221;]</p>
<h2>Altres recursos d&#8217;interès</h2>
<p>[/vc_column_text][vc_column_text css=&#8221;&#8221;]</p>
<h4><a href="https://www.ddgi.cat/formacioenxarxa" target="_blank" rel="noopener">www.ddgi.cat/formacioenxarxa</a></h4>
<p>[/vc_column_text][vc_empty_space height=&#8221;20px&#8221;][vc_column_text][/vc_column_text][vc_empty_space height=&#8221;50px&#8221;][vc_column_text css=&#8221;&#8221;]</p>
<h3>Properes Formacions CO-Digital</h3>
<p>[/vc_column_text][vc_raw_html css=&#8221;&#8221;]JTNDaWZyYW1lJTIwc3JjJTNEJTIyaHR0cHMlM0ElMkYlMkZ3d3cuZGRnaS5jYXQlMkZmb3JtYWNpb2VueGFyeGElMkZmYWNlcyUyRnB1YmxpYyUyRmN1cnNvc0VudGl0YXQueGh0bWwlM0ZlbnRpdGF0JTNEMTYlMjZ0aXB1cyUzRFRBUkdFVEVTJTI2ZGVzdGluYXRhcmlzJTNETSUyQ0UlMkNUJTI2Y29sb3JGb25zJTNEZmZmZmZmJTI2Y29sb3JMbGV0cmElM0QwMDAwMDAlMjZtaWRhTGxldHJhJTNEMTAlMjZtaWRhTGxldHJhVGl0b2wlM0QxOCUyNnRpcHVzTGxldHJhVGl0b2wlM0RBcmlhbCUyNnRpcHVzTGxldHJhJTNEQXJpYWwlMjIlMjB3aWR0aCUzRCUyMjEyMDAlMjIlMjBoZWlnaHQlM0QlMjIzMDAlMjIlMjBzdHlsZSUzRCUyMmJvcmRlciUzQTAlMjIlMjBmcmFtZWJvcmRlciUzRCUyMjAlMjIlM0UlM0MlMkZpZnJhbWUlM0U=[/vc_raw_html][vc_empty_space height=&#8221;50px&#8221;][/vc_column][/vc_row]</p>
</div>

<p>[vc_row css_animation=&#8221;&#8221; row_type=&#8221;row&#8221; use_row_as_full_screen_section=&#8221;no&#8221; type=&#8221;grid&#8221; angled_section=&#8221;no&#8221; text_align=&#8221;left&#8221; background_image_as_pattern=&#8221;without_pattern&#8221; css=&#8221;.vc_custom_1707834357899{background-color: #ffffff !important;}&#8221; el_id=&#8221;menuinici&#8221; z_index=&#8221;&#8221;][vc_column width=&#8221;1/2&#8243;][vc_empty_space height=&#8221;70px&#8221;][vc_column_text css=&#8221;&#8221;] Oficina CO-Digital [/vc_column_text][vc_empty_space height=&#8221;10px&#8221;][vc_column_text] Digitalitzem el territori gironí [/vc_column_text][vc_empty_space height=&#8221;27px&#8221;][vc_column_text css=&#8221;&#8221;] L’oficina CO-Digital és una iniciativa de la Diputació de Girona amb l’objectiu d’impulsar la transformació digital del teixit&#8230;</p>
