{"id":18349,"date":"2024-02-13T16:34:24","date_gmt":"2024-02-13T14:34:24","guid":{"rendered":"https:\/\/cocreix.ddgi.cat\/web\/?page_id=18349"},"modified":"2024-11-29T11:01:35","modified_gmt":"2024-11-29T09:01:35","slug":"reempresa","status":"publish","type":"page","link":"https:\/\/cocreix.ddgi.cat\/web\/reempresa\/","title":{"rendered":"Reempresa"},"content":{"rendered":"<div class=\"wpb-content-wrapper\"><p>[vc_row css_animation=&#8221;&#8221; row_type=&#8221;row&#8221; use_row_as_full_screen_section=&#8221;no&#8221; type=&#8221;grid&#8221; angled_section=&#8221;no&#8221; text_align=&#8221;left&#8221; background_image_as_pattern=&#8221;without_pattern&#8221; css=&#8221;.vc_custom_1657864030248{background-color: #ffffff !important;}&#8221; el_id=&#8221;menuinici&#8221; z_index=&#8221;&#8221;][vc_column width=&#8221;1\/2&#8243;][vc_empty_space height=&#8221;70px&#8221;][vc_column_text]<\/p>\n<h2>Reempresa<\/h2>\n<p>[\/vc_column_text][vc_column_text]<\/p>\n<h4>El mercat de compravenda de petites i mitjanes empreses de Catalunya<\/h4>\n<p>[\/vc_column_text][vc_empty_space height=&#8221;27px&#8221;][vc_column_text]Reempresa \u00e9s un espai per potenciar iniciatives emprenedores i posar en contacte persones empres\u00e0ries que volen vendre una empresa en funcionament amb persones emprenedores que volen iniciar un projecte empresarial sense haver de comen\u00e7ar de zero.<\/p>\n<p>El servei de Reempresa est\u00e0 promogut per la patronal catalana Cecot i Autoocupaci\u00f3, amb la participaci\u00f3 de les entitats locals i el suport de la Diputaci\u00f3 de Girona que conjuntament, treballen per mantenir viu el teixit empresarial i fomentar la compravenda d\u2019empreses al territori.<\/p>\n<p>La demarcaci\u00f3 de Girona compta amb vuit punts d\u2019atenci\u00f3 Reempresa, un per comarca, i els serveis que ofereixen no tenen cap cost.[\/vc_column_text][\/vc_column][vc_column width=&#8221;1\/2&#8243;][vc_empty_space height=&#8221;120px&#8221;]<div class=\"qode_video_box disabled_hover_overlay disabled_hover_zoom\">\r\n\t<a itemprop=\"image\" class=\"qode_video_image\" href=\"https:\/\/youtu.be\/yZKKc39syL0\" data-rel=\"prettyPhoto\">\r\n\t\t\t\r\n\t\t\t<img decoding=\"async\" src=\"https:\/\/cocreix.ddgi.cat\/web\/wp-content\/uploads\/2024\/06\/reempresa-infoanimacio-1.png\" alt=\"https:\/\/youtu.be\/yZKKc39syL0\" \/>\r\n\t\t\t<span class=\"qode_video_box_button_holder\">\r\n\t\t\t\t<span class=\"qode_video_box_button\">\r\n\t\t\t\t\t<span class=\"qode_video_box_button_arrow\">\r\n\t\t\t\t\t<\/span>\r\n\t\t\t\t<\/span>\r\n\t\t\t<\/span>\r\n\t\t\t<\/a>\r\n<\/div>[vc_empty_space height=&#8221;70px&#8221;][\/vc_column][\/vc_row][vc_row css_animation=&#8221;&#8221; row_type=&#8221;row&#8221; use_row_as_full_screen_section=&#8221;no&#8221; type=&#8221;grid&#8221; angled_section=&#8221;no&#8221; text_align=&#8221;left&#8221; background_image_as_pattern=&#8221;without_pattern&#8221; css=&#8221;.vc_custom_1657864558864{background-color: #f0f0f0 !important;}&#8221; z_index=&#8221;&#8221;][vc_column][vc_empty_space height=&#8221;50px&#8221;][\/vc_column][\/vc_row][vc_row css_animation=&#8221;&#8221; row_type=&#8221;row&#8221; use_row_as_full_screen_section=&#8221;no&#8221; type=&#8221;grid&#8221; angled_section=&#8221;no&#8221; text_align=&#8221;left&#8221; background_image_as_pattern=&#8221;without_pattern&#8221; css=&#8221;.vc_custom_1705672923110{background-color: #f0f0f0 !important;}&#8221; z_index=&#8221;&#8221;][vc_column][vc_column_text]<\/p>\n<h4>A qui s\u2019adre\u00e7a<\/h4>\n<p>[\/vc_column_text][vc_empty_space height=&#8221;30px&#8221;][vc_column_text]A persones que, per raons diverses, estiguin interessades a cedir el seu negoci (cedents).<\/p>\n<p>A persones emprenedores que estiguin interessades a agafar el relleu d\u2019una empresa en funcionament (reemprenedors).[\/vc_column_text][vc_empty_space height=&#8221;50px&#8221;][vc_column_text]<\/p>\n<h4>Quin suport s\u2019ofereix<\/h4>\n<p>[\/vc_column_text][vc_empty_space height=&#8221;30px&#8221;][\/vc_column][\/vc_row][vc_row css_animation=&#8221;&#8221; row_type=&#8221;row&#8221; use_row_as_full_screen_section=&#8221;no&#8221; type=&#8221;grid&#8221; angled_section=&#8221;no&#8221; text_align=&#8221;left&#8221; background_image_as_pattern=&#8221;without_pattern&#8221; css=&#8221;.vc_custom_1657864555249{background-color: #f0f0f0 !important;}&#8221; z_index=&#8221;&#8221;][vc_column width=&#8221;2\/6&#8243;][vc_empty_space height=&#8221;30px&#8221;]<div class=\"qode_video_box disabled_hover_overlay disabled_hover_zoom\">\r\n\t<a itemprop=\"image\" class=\"qode_video_image\" href=\"https:\/\/www.youtube.com\/watch?v=bxgYoVbK1fQ\" data-rel=\"prettyPhoto\">\r\n\t\t\t\r\n\t\t\t<img decoding=\"async\" src=\"https:\/\/cocreix.ddgi.cat\/web\/wp-content\/uploads\/2024\/01\/Video-cedents.jpg\" alt=\"https:\/\/www.youtube.com\/watch?v=bxgYoVbK1fQ\" \/>\r\n\t\t\t<span class=\"qode_video_box_button_holder\">\r\n\t\t\t\t<span class=\"qode_video_box_button\">\r\n\t\t\t\t\t<span class=\"qode_video_box_button_arrow\">\r\n\t\t\t\t\t<\/span>\r\n\t\t\t\t<\/span>\r\n\t\t\t<\/span>\r\n\t\t\t<\/a>\r\n<\/div>[\/vc_column][vc_column width=&#8221;4\/6&#8243;][vc_column_text]A les persones <strong>cedents <\/strong>que volen transmetre la propietat i gesti\u00f3 del seu negoci:<\/p>\n<p style=\"padding-left: 40px;\">Elaboraci\u00f3 de l\u2019oferta de cessi\u00f3 i orientaci\u00f3 en la determinaci\u00f3 del valor del negoci.<\/p>\n<p style=\"padding-left: 40px;\">Assessorament sobre els preparatius per a la venda de l\u2019empresa.<\/p>\n<p style=\"padding-left: 40px;\">Estudi de l\u2019empresa.<\/p>\n<p style=\"padding-left: 40px;\">Recerca de compradors\/ores potencials.<\/p>\n<p style=\"padding-left: 40px;\">Assessorament en la negociaci\u00f3 i en la redacci\u00f3 de la documentaci\u00f3 oficial entre el\/la cedent i l\u2019emprenedor\/a.<\/p>\n<p>[\/vc_column_text][vc_empty_space height=&#8221;50px&#8221;][\/vc_column][\/vc_row][vc_row css_animation=&#8221;&#8221; row_type=&#8221;row&#8221; use_row_as_full_screen_section=&#8221;no&#8221; type=&#8221;grid&#8221; angled_section=&#8221;no&#8221; text_align=&#8221;left&#8221; background_image_as_pattern=&#8221;without_pattern&#8221; css=&#8221;.vc_custom_1657864555249{background-color: #f0f0f0 !important;}&#8221; z_index=&#8221;&#8221;][vc_column width=&#8221;2\/6&#8243;][vc_empty_space height=&#8221;30px&#8221;]<div class=\"qode_video_box disabled_hover_overlay disabled_hover_zoom\">\r\n\t<a itemprop=\"image\" class=\"qode_video_image\" href=\"https:\/\/www.youtube.com\/watch?v=aTAl8AOGB40\" data-rel=\"prettyPhoto\">\r\n\t\t\t\r\n\t\t\t<img decoding=\"async\" src=\"https:\/\/cocreix.ddgi.cat\/web\/wp-content\/uploads\/2024\/01\/Video-reemprenedors2.jpg\" alt=\"https:\/\/www.youtube.com\/watch?v=aTAl8AOGB40\" \/>\r\n\t\t\t<span class=\"qode_video_box_button_holder\">\r\n\t\t\t\t<span class=\"qode_video_box_button\">\r\n\t\t\t\t\t<span class=\"qode_video_box_button_arrow\">\r\n\t\t\t\t\t<\/span>\r\n\t\t\t\t<\/span>\r\n\t\t\t<\/span>\r\n\t\t\t<\/a>\r\n<\/div>[\/vc_column][vc_column width=&#8221;4\/6&#8243;][vc_column_text]A les persones <strong>reemprenedores <\/strong>que volen comprar un negoci en funcionament:<\/p>\n<p style=\"padding-left: 40px;\">Definici\u00f3 del projecte de reemprenedoria.<\/p>\n<p style=\"padding-left: 40px;\">Assessorament en l\u2019elaboraci\u00f3 del Pla de reempresa.<\/p>\n<p style=\"padding-left: 40px;\">Orientaci\u00f3 en la valoraci\u00f3 de les empreses en cessi\u00f3.<\/p>\n<p style=\"padding-left: 40px;\">Estudi del pla de cessi\u00f3 de l\u2019empresa que es vol comprar<\/p>\n<p style=\"padding-left: 40px;\">Assessorament en la recerca de finan\u00e7ament.<\/p>\n<p style=\"padding-left: 40px;\">Assessorament en la redacci\u00f3 de la documentaci\u00f3 oficial del proc\u00e9s de compravenda entre el\/la cedent i l\u2019emprenedor\/a.<\/p>\n<p>[\/vc_column_text][vc_empty_space height=&#8221;50px&#8221;][\/vc_column][\/vc_row][vc_row css_animation=&#8221;&#8221; row_type=&#8221;row&#8221; use_row_as_full_screen_section=&#8221;no&#8221; type=&#8221;grid&#8221; angled_section=&#8221;no&#8221; text_align=&#8221;left&#8221; background_image_as_pattern=&#8221;without_pattern&#8221; css=&#8221;.vc_custom_1705672878510{padding-top: 50px !important;padding-bottom: 20px !important;background-color: #ffffff !important;}&#8221; z_index=&#8221;&#8221;][vc_column][vc_column_text]<\/p>\n<h2>Casos d&#8217;\u00e8xit<\/h2>\n<p>[\/vc_column_text][vc_column_text]<\/p>\n<h4>L&#8217;experi\u00e8ncia de persones que han rebut els serveis de Reempresa<\/h4>\n<p>[\/vc_column_text][\/vc_column][\/vc_row][vc_row css_animation=&#8221;&#8221; row_type=&#8221;row&#8221; use_row_as_full_screen_section=&#8221;no&#8221; type=&#8221;grid&#8221; angled_section=&#8221;no&#8221; text_align=&#8221;left&#8221; background_image_as_pattern=&#8221;without_pattern&#8221; css=&#8221;.vc_custom_1705673148559{padding-top: 10px !important;padding-bottom: 0px !important;background-color: #ffffff !important;}&#8221; z_index=&#8221;&#8221;][vc_column width=&#8221;1\/4&#8243;]<div class=\"qode-crossfade-images\" >\n\t\t\t<a class=\"qode-cfi-link\" href=\"https:\/\/www.reempresa.org\/La-Reempresa\/Testimonials\/Casos-d-exit\/Amb-Reempresa-tens-l-oportunitat-de-donar-difusio-al-teu-negoci-i-cercar-candidats-interessats-en-continuar-lo\" target=\"_blank\"><\/a>\n\t\t<div class=\"qode-cfi-img-holder\" \n\t\t\tstyle=\"\tmax-height:px;\n\t\t\t\t\tbackground-color: ;\n\t\t\t\">\n\t\t<div class=\"qode-cfi-img-holder-inner\">\n\t\t\t<img decoding=\"async\" src=\"https:\/\/cocreix.ddgi.cat\/web\/wp-content\/uploads\/2024\/01\/cas-exit-e1705669899167.jpg\" alt=\"initial image\" \/>\n\t\t\t<div class=\"qodef-cfi-image-hover qode-lazy-image\" data-image=\"https:\/\/cocreix.ddgi.cat\/web\/wp-content\/uploads\/2024\/01\/a69tqcqc.png\" data-lazy='true'><\/div>\n\t\t<\/div>\n\t<\/div>\n\t\t\t<div class=\"qode-cfi-title-holder\">\n\t\t\t<h3 class=\"qode-cfi-title\">Comer\u00e7 de diet\u00e8tica i herboristeria<\/h3>\n\t\t<\/div>\n\t<\/div>[vc_empty_space height=&#8221;20px&#8221;][\/vc_column][vc_column width=&#8221;1\/4&#8243;]<div class=\"qode-crossfade-images\" >\n\t\t\t<a class=\"qode-cfi-link\" href=\"https:\/\/www.reempresa.org\/esl\/Actualidad\/Testimoniales\/Casos-d-exit\/A-Reempresa-he-trobat-gent-que-m-ha-ajudat-guiat-i-respost-sempre-que-he-tingut-algun-dubte-o-entrebanc\" target=\"_blank\"><\/a>\n\t\t<div class=\"qode-cfi-img-holder\" \n\t\t\tstyle=\"\tmax-height:px;\n\t\t\t\t\tbackground-color: ;\n\t\t\t\">\n\t\t<div class=\"qode-cfi-img-holder-inner\">\n\t\t\t<img decoding=\"async\" src=\"https:\/\/cocreix.ddgi.cat\/web\/wp-content\/uploads\/2024\/01\/cedent-cas-e1705669797405.jpg\" alt=\"initial image\" \/>\n\t\t\t<div class=\"qodef-cfi-image-hover qode-lazy-image\" data-image=\"https:\/\/cocreix.ddgi.cat\/web\/wp-content\/uploads\/2024\/01\/a69tqcqc.png\" data-lazy='true'><\/div>\n\t\t<\/div>\n\t<\/div>\n\t\t\t<div class=\"qode-cfi-title-holder\">\n\t\t\t<h3 class=\"qode-cfi-title\">Taller d&#039;acer inoxidable<\/h3>\n\t\t<\/div>\n\t<\/div>[vc_empty_space height=&#8221;20px&#8221;][\/vc_column][vc_column width=&#8221;1\/4&#8243;]<div class=\"qode-crossfade-images\" >\n\t\t\t<a class=\"qode-cfi-link\" href=\"https:\/\/www.reempresa.org\/esl\/Actualidad\/Testimoniales\/Casos-d-exit\/Segurament-sense-vosaltres-aixo-no-hauria-arribat-a-bon-port\" target=\"_blank\"><\/a>\n\t\t<div class=\"qode-cfi-img-holder\" \n\t\t\tstyle=\"\tmax-height:px;\n\t\t\t\t\tbackground-color: ;\n\t\t\t\">\n\t\t<div class=\"qode-cfi-img-holder-inner\">\n\t\t\t<img decoding=\"async\" src=\"https:\/\/cocreix.ddgi.cat\/web\/wp-content\/uploads\/2024\/01\/hostal-scaled-e1705669650403.jpg\" alt=\"initial image\" \/>\n\t\t\t<div class=\"qodef-cfi-image-hover qode-lazy-image\" data-image=\"https:\/\/cocreix.ddgi.cat\/web\/wp-content\/uploads\/2024\/01\/a69tqcqc.png\" data-lazy='true'><\/div>\n\t\t<\/div>\n\t<\/div>\n\t\t\t<div class=\"qode-cfi-title-holder\">\n\t\t\t<h3 class=\"qode-cfi-title\">Pensi\u00f3 amb servei de restauraci\u00f3<\/h3>\n\t\t<\/div>\n\t<\/div>[vc_empty_space height=&#8221;20px&#8221;][\/vc_column][vc_column width=&#8221;1\/4&#8243;]<div class=\"qode-crossfade-images\" >\n\t\t\t<a class=\"qode-cfi-link\" href=\"https:\/\/www.reempresa.org\/La-Reempresa\/Testimonials\/Casos-d-exit\/Reempresa-sempre-ha-respost-sempre-hem-tractat-amb-persones\" target=\"_blank\"><\/a>\n\t\t<div class=\"qode-cfi-img-holder\" \n\t\t\tstyle=\"\tmax-height:px;\n\t\t\t\t\tbackground-color: ;\n\t\t\t\">\n\t\t<div class=\"qode-cfi-img-holder-inner\">\n\t\t\t<img decoding=\"async\" src=\"https:\/\/cocreix.ddgi.cat\/web\/wp-content\/uploads\/2024\/01\/forn-de-pa-e1705671039312.jpg\" alt=\"initial image\" \/>\n\t\t\t<div class=\"qodef-cfi-image-hover qode-lazy-image\" data-image=\"https:\/\/cocreix.ddgi.cat\/web\/wp-content\/uploads\/2024\/01\/a69tqcqc.png\" data-lazy='true'><\/div>\n\t\t<\/div>\n\t<\/div>\n\t\t\t<div class=\"qode-cfi-title-holder\">\n\t\t\t<h3 class=\"qode-cfi-title\">Forn de pa amb cafeteria<\/h3>\n\t\t<\/div>\n\t<\/div>[vc_empty_space height=&#8221;20px&#8221;][\/vc_column][\/vc_row][vc_row css_animation=&#8221;&#8221; row_type=&#8221;row&#8221; use_row_as_full_screen_section=&#8221;no&#8221; type=&#8221;grid&#8221; angled_section=&#8221;no&#8221; text_align=&#8221;left&#8221; background_image_as_pattern=&#8221;without_pattern&#8221; css=&#8221;.vc_custom_1705673023743{padding-top: 50px !important;padding-bottom: 50px !important;background-color: #f0f0f0 !important;}&#8221; z_index=&#8221;&#8221;][vc_column][vc_column_text]<\/p>\n<h2>Punts d&#8217;atenci\u00f3<\/h2>\n<p>[\/vc_column_text][vc_column_text]<\/p>\n<h4>Contacteu amb el vostre punt d&#8217;atenci\u00f3 Reempresa<\/h4>\n<p>[\/vc_column_text][\/vc_column][\/vc_row][vc_row css_animation=&#8221;&#8221; row_type=&#8221;row&#8221; use_row_as_full_screen_section=&#8221;no&#8221; type=&#8221;grid&#8221; angled_section=&#8221;no&#8221; text_align=&#8221;left&#8221; background_image_as_pattern=&#8221;without_pattern&#8221; css=&#8221;.vc_custom_1705672976046{background-color: #f0f0f0 !important;}&#8221; z_index=&#8221;&#8221;][vc_column width=&#8221;1\/3&#8243;][vc_column_text]<\/p>\n<h4>L&#8217;Alt Empord\u00e0<\/h4>\n<p>[\/vc_column_text][vc_column_text]Ajuntament de Figueres<br \/>\nEspai d\u2019Innovaci\u00f3 Empresarial &#8211; Oficina empresa<br \/>\nRonda Sud, 3<br \/>\n17600 Figueres<br \/>\n972 511 296<br \/>\n<a href=\"mailto:oficinaempresa@figueres.org\">oficinaempresa@figueres.org<\/a>[\/vc_column_text][vc_empty_space height=&#8221;66px&#8221;][\/vc_column][vc_column width=&#8221;1\/3&#8243;][vc_column_text]<\/p>\n<h4>El Baix Empord\u00e0<\/h4>\n<p>[\/vc_column_text][vc_column_text css=&#8221;&#8221;]Consell Comarcal del Baix Empord\u00e0<br \/>\nPla\u00e7a Joan Carreras i Degas, 4-5, bxs.<br \/>\n17100 La Bisbal d\u2019Empord\u00e0<br \/>\n972 642 310<br \/>\n<a href=\"mailto:empresa@baixemporda.cat\">empresa@baixemporda.cat<\/a>[\/vc_column_text][vc_empty_space height=&#8221;66px&#8221;][\/vc_column][vc_column width=&#8221;1\/3&#8243;][vc_column_text]<\/p>\n<h4>La Cerdanya<\/h4>\n<p>[\/vc_column_text][vc_column_text css=&#8221;&#8221;]Consell Comarcal de la Cerdanya<br \/>\nPla\u00e7a del Rec, 5<br \/>\n17520 Puigcerd\u00e0<br \/>\n972 884 884<br \/>\n<a href=\"mailto:promocio@cerdanya.org\">promocio@cerdanya.org<\/a>[\/vc_column_text][vc_empty_space height=&#8221;66px&#8221;][\/vc_column][\/vc_row][vc_row css_animation=&#8221;&#8221; row_type=&#8221;row&#8221; use_row_as_full_screen_section=&#8221;no&#8221; type=&#8221;grid&#8221; angled_section=&#8221;no&#8221; text_align=&#8221;left&#8221; background_image_as_pattern=&#8221;without_pattern&#8221; css=&#8221;.vc_custom_1705673044990{background-color: #f0f0f0 !important;}&#8221; z_index=&#8221;&#8221;][vc_column width=&#8221;1\/3&#8243;][vc_column_text]<\/p>\n<h4>La Garrotxa<\/h4>\n<p>[\/vc_column_text][vc_column_text]Ajuntament d\u2019Olot (Din\u00e0mig)<br \/>\nCarrer Tom\u00e0s de Lorenzana, 15<br \/>\n17800 Olot<br \/>\n972 260 152<br \/>\n<a href=\"mailto:suport.empresa@dinamig.cat\">suport.empresa@dinamig.cat<\/a>[\/vc_column_text][vc_empty_space height=&#8221;66px&#8221;][\/vc_column][vc_column width=&#8221;1\/3&#8243;][vc_column_text]<\/p>\n<h4>El Giron\u00e8s<\/h4>\n<p>[\/vc_column_text][vc_column_text css=&#8221;&#8221;]Consell Comarcal del Giron\u00e8s<br \/>\n<span data-olk-copy-source=\"MessageBody\">Edifici Sarri\u00e0 221<\/span><br \/>\nAvinguda de Fran\u00e7a, 221<br \/>\n17840 Sarri\u00e0 de Ter<br \/>\n972 213 262<br \/>\n<a href=\"mailto:promocioeconomica@girones.cat\"><span data-olk-copy-source=\"MessageBody\">promocioeconomica@girones.cat<\/span><\/a>[\/vc_column_text][vc_empty_space height=&#8221;66px&#8221;][\/vc_column][vc_column width=&#8221;1\/3&#8243;][vc_column_text]<\/p>\n<h4>El Pla de l&#8217;Estany<\/h4>\n<p>[\/vc_column_text][vc_column_text css=&#8221;&#8221;]Ajuntament de Banyoles<br \/>\nPasseig de la Generalitat, 15-17<br \/>\n17820 Banyoles<br \/>\n972 581 120<br \/>\n<a href=\"mailto:promocio@ajbanyoles.org\">promocio@ajbanyoles.org<\/a>[\/vc_column_text][vc_empty_space height=&#8221;66px&#8221;][\/vc_column][\/vc_row][vc_row css_animation=&#8221;&#8221; row_type=&#8221;row&#8221; use_row_as_full_screen_section=&#8221;no&#8221; type=&#8221;grid&#8221; angled_section=&#8221;no&#8221; text_align=&#8221;left&#8221; background_image_as_pattern=&#8221;without_pattern&#8221; css=&#8221;.vc_custom_1705673012982{background-color: #f0f0f0 !important;}&#8221; z_index=&#8221;&#8221;][vc_column width=&#8221;1\/3&#8243;][vc_column_text]<\/p>\n<h4>El Ripoll\u00e8s<\/h4>\n<p>[\/vc_column_text][vc_column_text css=&#8221;&#8221;]Ag\u00e8ncia de Desenvolupament del Ripoll\u00e8s<br \/>\nPol. ind. Pintors<br \/>\nCarrer Joan Mir\u00f3, 2-4<br \/>\n17500 Ripoll\u00e8s<br \/>\n972 704 499<br \/>\n<a href=\"mailto:empresa@ripollesdesenvolupament.com\">empresa@ripollesdesenvolupament.com<\/a>[\/vc_column_text][vc_empty_space height=&#8221;66px&#8221;][\/vc_column][vc_column width=&#8221;1\/3&#8243;][vc_column_text]<\/p>\n<h4>La Selva<\/h4>\n<p>[\/vc_column_text][vc_column_text css=&#8221;&#8221;]Consell Comarcal de la Selva<br \/>\nCarretera de Sils, 39 &#8211; Eix Negoci<br \/>\n17430 Santa Coloma de Farners<br \/>\n972 807 100<br \/>\n<a href=\"mailto:emprenedoria@selva.cat\">emprenedoria@selva.cat<\/a>[\/vc_column_text][vc_empty_space height=&#8221;66px&#8221;][\/vc_column][vc_column width=&#8221;1\/3&#8243;][vc_column_text]<\/p>\n<h4>Prov\u00edncia Girona<\/h4>\n<p>[\/vc_column_text][vc_column_text css=&#8221;&#8221;]Autoocupaci\u00f3 Girona<br \/>\nEdifici Narc\u00eds Monturiol<br \/>\nCarrer Emili Grahit, 91<br \/>\n17003 Girona<br \/>\n972 410 150<br \/>\n<a href=\"mailto:info@reempresa.org\">info@reempresa.org<\/a>[\/vc_column_text][\/vc_column][\/vc_row][vc_row css_animation=&#8221;&#8221; row_type=&#8221;row&#8221; use_row_as_full_screen_section=&#8221;no&#8221; type=&#8221;grid&#8221; angled_section=&#8221;no&#8221; text_align=&#8221;left&#8221; background_image_as_pattern=&#8221;without_pattern&#8221; css=&#8221;.vc_custom_1705672878510{padding-top: 50px !important;padding-bottom: 20px !important;background-color: #ffffff !important;}&#8221; z_index=&#8221;&#8221;][vc_column][vc_column_text]<\/p>\n<h2>M\u00e9s informaci\u00f3<\/h2>\n<p>[\/vc_column_text][vc_column_text]<\/p>\n<h4><a href=\"https:\/\/www.reempresa.org\/\" target=\"_blank\" rel=\"noopener\">www.reempresa.org<\/a><\/h4>\n<p>[\/vc_column_text][vc_empty_space height=&#8221;20px&#8221;][vc_column_text][\/vc_column_text][vc_empty_space height=&#8221;50px&#8221;][\/vc_column][\/vc_row]<\/p>\n<\/div>","protected":false},"excerpt":{"rendered":"<p>[vc_row css_animation=&#8221;&#8221; row_type=&#8221;row&#8221; use_row_as_full_screen_section=&#8221;no&#8221; type=&#8221;grid&#8221; angled_section=&#8221;no&#8221; text_align=&#8221;left&#8221; background_image_as_pattern=&#8221;without_pattern&#8221; css=&#8221;.vc_custom_1657864030248{background-color: #ffffff !important;}&#8221; el_id=&#8221;menuinici&#8221; z_index=&#8221;&#8221;][vc_column width=&#8221;1\/2&#8243;][vc_empty_space height=&#8221;70px&#8221;][vc_column_text] Reempresa [\/vc_column_text][vc_column_text] El mercat de compravenda de petites i mitjanes empreses de Catalunya [\/vc_column_text][vc_empty_space height=&#8221;27px&#8221;][vc_column_text]Reempresa \u00e9s un espai per potenciar iniciatives emprenedores i posar en contacte persones empres\u00e0ries que volen&#8230;<\/p>\n","protected":false},"author":1,"featured_media":0,"parent":0,"menu_order":0,"comment_status":"closed","ping_status":"closed","template":"full_width.php","meta":{"inline_featured_image":false,"footnotes":""},"class_list":["post-18349","page","type-page","status-publish","hentry"],"_links":{"self":[{"href":"https:\/\/cocreix.ddgi.cat\/web\/wp-json\/wp\/v2\/pages\/18349","targetHints":{"allow":["GET"]}}],"collection":[{"href":"https:\/\/cocreix.ddgi.cat\/web\/wp-json\/wp\/v2\/pages"}],"about":[{"href":"https:\/\/cocreix.ddgi.cat\/web\/wp-json\/wp\/v2\/types\/page"}],"author":[{"embeddable":true,"href":"https:\/\/cocreix.ddgi.cat\/web\/wp-json\/wp\/v2\/users\/1"}],"replies":[{"embeddable":true,"href":"https:\/\/cocreix.ddgi.cat\/web\/wp-json\/wp\/v2\/comments?post=18349"}],"version-history":[{"count":18,"href":"https:\/\/cocreix.ddgi.cat\/web\/wp-json\/wp\/v2\/pages\/18349\/revisions"}],"predecessor-version":[{"id":18606,"href":"https:\/\/cocreix.ddgi.cat\/web\/wp-json\/wp\/v2\/pages\/18349\/revisions\/18606"}],"wp:attachment":[{"href":"https:\/\/cocreix.ddgi.cat\/web\/wp-json\/wp\/v2\/media?parent=18349"}],"curies":[{"name":"wp","href":"https:\/\/api.w.org\/{rel}","templated":true}]}}