{"id":17922,"date":"2023-04-04T08:04:53","date_gmt":"2023-04-04T06:04:53","guid":{"rendered":"https:\/\/cocreix.ddgi.cat\/web\/?page_id=17922"},"modified":"2023-11-28T10:14:11","modified_gmt":"2023-11-28T08:14:11","slug":"laura-quintana","status":"publish","type":"page","link":"https:\/\/cocreix.ddgi.cat\/web\/premis-projectat-4\/laura-quintana\/","title":{"rendered":"Laura Quintana Soms"},"content":{"rendered":"<div class=\"wpb-content-wrapper\"><p>[vc_row css_animation=&#8221;&#8221; row_type=&#8221;row&#8221; use_row_as_full_screen_section=&#8221;no&#8221; type=&#8221;grid&#8221; angled_section=&#8221;no&#8221; text_align=&#8221;left&#8221; background_image_as_pattern=&#8221;without_pattern&#8221; el_id=&#8221;menuinici&#8221; z_index=&#8221;&#8221; background_color=&#8221;#ffffff&#8221; css=&#8221;.vc_custom_1575023726716{padding-top: 70px !important;padding-bottom: 70px !important;}&#8221;][vc_column width=&#8221;1\/2&#8243;][vc_empty_space height=&#8221;30px&#8221;][vc_column_text]<\/p>\n<p style=\"text-align: justify;\"><strong>Laura Quintana Soms<\/strong> \u00e9s consultora de projectes socials per a associacions, fundacions i departaments de responsabilitat social corporativa d\u2019empreses privades amb consci\u00e8ncia social.<\/p>\n<p style=\"text-align: justify;\">La seva activitat est\u00e0 orientada a incrementar l\u2019impacte que associacions, fundacions i empreses tenen en el seu \u00e0mbit d\u2019actuaci\u00f3 social i a acompanyar particulars que volen fer viatges de voluntariat a l\u2019estranger, principalment a l\u2019Am\u00e8rica Llatina, perqu\u00e8 trobin el seu voluntariat ideal i tinguin una experi\u00e8ncia \u00fanica.<\/p>\n<p style=\"text-align: justify;\">Els seus serveis se centren en la formaci\u00f3 i l\u2019assessorament en la redacci\u00f3 de sol\u00b7licituds de fons de finan\u00e7ament, en la gesti\u00f3 i l\u2019avaluaci\u00f3 de projectes socials, en la identificaci\u00f3 de col\u00b7laboracions intersectorials, i en el disseny i la gesti\u00f3 de projectes i \u00e0rees de responsabilitat social corporativa.<\/p>\n<p style=\"text-align: justify;\">Amb la mentoria espera definir el full de ruta que li ha de permetre un creixement \u00e8tic, real i sostenible.<\/p>\n<p>[\/vc_column_text][vc_empty_space height=&#8221;30px&#8221;][\/vc_column][vc_column width=&#8221;1\/2&#8243; el_class=&#8221;icona_video_fosca&#8221;][vc_empty_space height=&#8221;30px&#8221;][vc_column_text]<img loading=\"lazy\" decoding=\"async\" class=\"size-medium wp-image-17923 aligncenter\" src=\"https:\/\/cocreix.ddgi.cat\/web\/wp-content\/uploads\/2023\/04\/Laura-Quintana_logo-300x133.jpg\" alt=\"\" width=\"300\" height=\"133\" srcset=\"https:\/\/cocreix.ddgi.cat\/web\/wp-content\/uploads\/2023\/04\/Laura-Quintana_logo-300x133.jpg 300w, https:\/\/cocreix.ddgi.cat\/web\/wp-content\/uploads\/2023\/04\/Laura-Quintana_logo-1024x453.jpg 1024w, https:\/\/cocreix.ddgi.cat\/web\/wp-content\/uploads\/2023\/04\/Laura-Quintana_logo-768x340.jpg 768w, https:\/\/cocreix.ddgi.cat\/web\/wp-content\/uploads\/2023\/04\/Laura-Quintana_logo-1536x679.jpg 1536w, https:\/\/cocreix.ddgi.cat\/web\/wp-content\/uploads\/2023\/04\/Laura-Quintana_logo-700x310.jpg 700w, https:\/\/cocreix.ddgi.cat\/web\/wp-content\/uploads\/2023\/04\/Laura-Quintana_logo.jpg 1540w\" sizes=\"auto, (max-width: 300px) 100vw, 300px\" \/>[\/vc_column_text][\/vc_column][\/vc_row][vc_row css_animation=&#8221;&#8221; row_type=&#8221;row&#8221; use_row_as_full_screen_section=&#8221;yes&#8221; type=&#8221;grid&#8221; angled_section=&#8221;no&#8221; text_align=&#8221;left&#8221; background_image_as_pattern=&#8221;without_pattern&#8221; z_index=&#8221;&#8221; background_image=&#8221;784&#8243; el_id=&#8221;section_web&#8221; el_class=&#8221;fons_web_www, noDisplay&#8221; background_color=&#8221;#bfbfbf&#8221;][vc_column][vc_empty_space height=&#8221;70px&#8221;][vc_column_text]M\u00e9s informaci\u00f3[\/vc_column_text][vc_empty_space height=&#8221;20px&#8221;][vc_column_text]<\/p>\n<h4><a href=\"#\" target=\"_blank\" rel=\"noopener\">#<\/a><\/h4>\n<p>[\/vc_column_text][vc_empty_space height=&#8221;70px&#8221;][\/vc_column][\/vc_row][vc_row css_animation=&#8221;&#8221; row_type=&#8221;row&#8221; use_row_as_full_screen_section=&#8221;no&#8221; type=&#8221;grid&#8221; angled_section=&#8221;no&#8221; text_align=&#8221;left&#8221; background_image_as_pattern=&#8221;without_pattern&#8221; z_index=&#8221;&#8221; background_color=&#8221;#ffffff&#8221; css=&#8221;.vc_custom_1574687983119{padding-top: 70px !important;}&#8221;][vc_column width=&#8221;1\/3&#8243;][vc_empty_space height=&#8221;70px&#8221;][vc_single_image image=&#8221;17924&#8243; img_size=&#8221;full&#8221; alignment=&#8221;center&#8221; onclick=&#8221;link_image&#8221; qode_css_animation=&#8221;&#8221;][\/vc_column][vc_column width=&#8221;1\/3&#8243;][vc_empty_space height=&#8221;70px&#8221;][vc_single_image image=&#8221;17925&#8243; img_size=&#8221;full&#8221; alignment=&#8221;center&#8221; onclick=&#8221;link_image&#8221; qode_css_animation=&#8221;&#8221;][\/vc_column][vc_column width=&#8221;1\/3&#8243;][vc_empty_space height=&#8221;70px&#8221;][vc_single_image image=&#8221;17926&#8243; img_size=&#8221;full&#8221; alignment=&#8221;center&#8221; onclick=&#8221;link_image&#8221; qode_css_animation=&#8221;&#8221;][\/vc_column][\/vc_row][vc_row css_animation=&#8221;&#8221; row_type=&#8221;row&#8221; use_row_as_full_screen_section=&#8221;no&#8221; type=&#8221;grid&#8221; angled_section=&#8221;no&#8221; text_align=&#8221;left&#8221; background_image_as_pattern=&#8221;without_pattern&#8221; z_index=&#8221;&#8221; background_color=&#8221;#ffffff&#8221;][vc_column width=&#8221;1\/3&#8243;][vc_empty_space height=&#8221;70px&#8221;][vc_single_image image=&#8221;18108&#8243; img_size=&#8221;full&#8221; alignment=&#8221;center&#8221; onclick=&#8221;link_image&#8221; qode_css_animation=&#8221;&#8221;][\/vc_column][vc_column width=&#8221;1\/3&#8243;][vc_empty_space height=&#8221;70px&#8221;][vc_single_image image=&#8221;18109&#8243; img_size=&#8221;full&#8221; alignment=&#8221;center&#8221; onclick=&#8221;link_image&#8221; qode_css_animation=&#8221;&#8221;][\/vc_column][vc_column width=&#8221;1\/3&#8243;][\/vc_column][\/vc_row][vc_row css_animation=&#8221;&#8221; row_type=&#8221;row&#8221; use_row_as_full_screen_section=&#8221;no&#8221; type=&#8221;full_width&#8221; angled_section=&#8221;no&#8221; text_align=&#8221;left&#8221; background_image_as_pattern=&#8221;without_pattern&#8221; z_index=&#8221;&#8221; background_color=&#8221;#ffffff&#8221;][vc_column][vc_empty_space height=&#8221;100px&#8221;][\/vc_column][\/vc_row]<\/p>\n<\/div>","protected":false},"excerpt":{"rendered":"<p>[vc_row css_animation=&#8221;&#8221; row_type=&#8221;row&#8221; use_row_as_full_screen_section=&#8221;no&#8221; type=&#8221;grid&#8221; angled_section=&#8221;no&#8221; text_align=&#8221;left&#8221; background_image_as_pattern=&#8221;without_pattern&#8221; el_id=&#8221;menuinici&#8221; z_index=&#8221;&#8221; background_color=&#8221;#ffffff&#8221; css=&#8221;.vc_custom_1575023726716{padding-top: 70px !important;padding-bottom: 70px !important;}&#8221;][vc_column width=&#8221;1\/2&#8243;][vc_empty_space height=&#8221;30px&#8221;][vc_column_text] Laura Quintana Soms \u00e9s consultora de projectes socials per a associacions, fundacions i departaments de responsabilitat social corporativa d\u2019empreses privades amb consci\u00e8ncia social. La seva activitat est\u00e0&#8230;<\/p>\n","protected":false},"author":1,"featured_media":17925,"parent":17415,"menu_order":1,"comment_status":"open","ping_status":"closed","template":"full_width.php","meta":{"inline_featured_image":false,"footnotes":""},"class_list":["post-17922","page","type-page","status-publish","has-post-thumbnail","hentry"],"_links":{"self":[{"href":"https:\/\/cocreix.ddgi.cat\/web\/wp-json\/wp\/v2\/pages\/17922","targetHints":{"allow":["GET"]}}],"collection":[{"href":"https:\/\/cocreix.ddgi.cat\/web\/wp-json\/wp\/v2\/pages"}],"about":[{"href":"https:\/\/cocreix.ddgi.cat\/web\/wp-json\/wp\/v2\/types\/page"}],"author":[{"embeddable":true,"href":"https:\/\/cocreix.ddgi.cat\/web\/wp-json\/wp\/v2\/users\/1"}],"replies":[{"embeddable":true,"href":"https:\/\/cocreix.ddgi.cat\/web\/wp-json\/wp\/v2\/comments?post=17922"}],"version-history":[{"count":6,"href":"https:\/\/cocreix.ddgi.cat\/web\/wp-json\/wp\/v2\/pages\/17922\/revisions"}],"predecessor-version":[{"id":18111,"href":"https:\/\/cocreix.ddgi.cat\/web\/wp-json\/wp\/v2\/pages\/17922\/revisions\/18111"}],"up":[{"embeddable":true,"href":"https:\/\/cocreix.ddgi.cat\/web\/wp-json\/wp\/v2\/pages\/17415"}],"wp:featuredmedia":[{"embeddable":true,"href":"https:\/\/cocreix.ddgi.cat\/web\/wp-json\/wp\/v2\/media\/17925"}],"wp:attachment":[{"href":"https:\/\/cocreix.ddgi.cat\/web\/wp-json\/wp\/v2\/media?parent=17922"}],"curies":[{"name":"wp","href":"https:\/\/api.w.org\/{rel}","templated":true}]}}

<div class="wpb-content-wrapper"><p>[vc_row css_animation=&#8221;&#8221; row_type=&#8221;row&#8221; use_row_as_full_screen_section=&#8221;no&#8221; type=&#8221;grid&#8221; angled_section=&#8221;no&#8221; text_align=&#8221;left&#8221; background_image_as_pattern=&#8221;without_pattern&#8221; el_id=&#8221;menuinici&#8221; z_index=&#8221;&#8221; background_color=&#8221;#ffffff&#8221; css=&#8221;.vc_custom_1575023726716{padding-top: 70px !important;padding-bottom: 70px !important;}&#8221;][vc_column width=&#8221;1/2&#8243;][vc_empty_space height=&#8221;30px&#8221;][vc_column_text]</p>
<p style="text-align: justify;"><strong>Laura Quintana Soms</strong> és consultora de projectes socials per a associacions, fundacions i departaments de responsabilitat social corporativa d’empreses privades amb consciència social.</p>
<p style="text-align: justify;">La seva activitat està orientada a incrementar l’impacte que associacions, fundacions i empreses tenen en el seu àmbit d’actuació social i a acompanyar particulars que volen fer viatges de voluntariat a l’estranger, principalment a l’Amèrica Llatina, perquè trobin el seu voluntariat ideal i tinguin una experiència única.</p>
<p style="text-align: justify;">Els seus serveis se centren en la formació i l’assessorament en la redacció de sol·licituds de fons de finançament, en la gestió i l’avaluació de projectes socials, en la identificació de col·laboracions intersectorials, i en el disseny i la gestió de projectes i àrees de responsabilitat social corporativa.</p>
<p style="text-align: justify;">Amb la mentoria espera definir el full de ruta que li ha de permetre un creixement ètic, real i sostenible.</p>
<p>[/vc_column_text][vc_empty_space height=&#8221;30px&#8221;][/vc_column][vc_column width=&#8221;1/2&#8243; el_class=&#8221;icona_video_fosca&#8221;][vc_empty_space height=&#8221;30px&#8221;][vc_column_text]<img loading="lazy" decoding="async" class="size-medium wp-image-17923 aligncenter" src="https://cocreix.ddgi.cat/web/wp-content/uploads/2023/04/Laura-Quintana_logo-300x133.jpg" alt="" width="300" height="133" srcset="https://cocreix.ddgi.cat/web/wp-content/uploads/2023/04/Laura-Quintana_logo-300x133.jpg 300w, https://cocreix.ddgi.cat/web/wp-content/uploads/2023/04/Laura-Quintana_logo-1024x453.jpg 1024w, https://cocreix.ddgi.cat/web/wp-content/uploads/2023/04/Laura-Quintana_logo-768x340.jpg 768w, https://cocreix.ddgi.cat/web/wp-content/uploads/2023/04/Laura-Quintana_logo-1536x679.jpg 1536w, https://cocreix.ddgi.cat/web/wp-content/uploads/2023/04/Laura-Quintana_logo-700x310.jpg 700w, https://cocreix.ddgi.cat/web/wp-content/uploads/2023/04/Laura-Quintana_logo.jpg 1540w" sizes="auto, (max-width: 300px) 100vw, 300px" />[/vc_column_text][/vc_column][/vc_row][vc_row css_animation=&#8221;&#8221; row_type=&#8221;row&#8221; use_row_as_full_screen_section=&#8221;yes&#8221; type=&#8221;grid&#8221; angled_section=&#8221;no&#8221; text_align=&#8221;left&#8221; background_image_as_pattern=&#8221;without_pattern&#8221; z_index=&#8221;&#8221; background_image=&#8221;784&#8243; el_id=&#8221;section_web&#8221; el_class=&#8221;fons_web_www, noDisplay&#8221; background_color=&#8221;#bfbfbf&#8221;][vc_column][vc_empty_space height=&#8221;70px&#8221;][vc_column_text]Més informació[/vc_column_text][vc_empty_space height=&#8221;20px&#8221;][vc_column_text]</p>
<h4><a href="#" target="_blank" rel="noopener">#</a></h4>
<p>[/vc_column_text][vc_empty_space height=&#8221;70px&#8221;][/vc_column][/vc_row][vc_row css_animation=&#8221;&#8221; row_type=&#8221;row&#8221; use_row_as_full_screen_section=&#8221;no&#8221; type=&#8221;grid&#8221; angled_section=&#8221;no&#8221; text_align=&#8221;left&#8221; background_image_as_pattern=&#8221;without_pattern&#8221; z_index=&#8221;&#8221; background_color=&#8221;#ffffff&#8221; css=&#8221;.vc_custom_1574687983119{padding-top: 70px !important;}&#8221;][vc_column width=&#8221;1/3&#8243;][vc_empty_space height=&#8221;70px&#8221;][vc_single_image image=&#8221;17924&#8243; img_size=&#8221;full&#8221; alignment=&#8221;center&#8221; onclick=&#8221;link_image&#8221; qode_css_animation=&#8221;&#8221;][/vc_column][vc_column width=&#8221;1/3&#8243;][vc_empty_space height=&#8221;70px&#8221;][vc_single_image image=&#8221;17925&#8243; img_size=&#8221;full&#8221; alignment=&#8221;center&#8221; onclick=&#8221;link_image&#8221; qode_css_animation=&#8221;&#8221;][/vc_column][vc_column width=&#8221;1/3&#8243;][vc_empty_space height=&#8221;70px&#8221;][vc_single_image image=&#8221;17926&#8243; img_size=&#8221;full&#8221; alignment=&#8221;center&#8221; onclick=&#8221;link_image&#8221; qode_css_animation=&#8221;&#8221;][/vc_column][/vc_row][vc_row css_animation=&#8221;&#8221; row_type=&#8221;row&#8221; use_row_as_full_screen_section=&#8221;no&#8221; type=&#8221;grid&#8221; angled_section=&#8221;no&#8221; text_align=&#8221;left&#8221; background_image_as_pattern=&#8221;without_pattern&#8221; z_index=&#8221;&#8221; background_color=&#8221;#ffffff&#8221;][vc_column width=&#8221;1/3&#8243;][vc_empty_space height=&#8221;70px&#8221;][vc_single_image image=&#8221;18108&#8243; img_size=&#8221;full&#8221; alignment=&#8221;center&#8221; onclick=&#8221;link_image&#8221; qode_css_animation=&#8221;&#8221;][/vc_column][vc_column width=&#8221;1/3&#8243;][vc_empty_space height=&#8221;70px&#8221;][vc_single_image image=&#8221;18109&#8243; img_size=&#8221;full&#8221; alignment=&#8221;center&#8221; onclick=&#8221;link_image&#8221; qode_css_animation=&#8221;&#8221;][/vc_column][vc_column width=&#8221;1/3&#8243;][/vc_column][/vc_row][vc_row css_animation=&#8221;&#8221; row_type=&#8221;row&#8221; use_row_as_full_screen_section=&#8221;no&#8221; type=&#8221;full_width&#8221; angled_section=&#8221;no&#8221; text_align=&#8221;left&#8221; background_image_as_pattern=&#8221;without_pattern&#8221; z_index=&#8221;&#8221; background_color=&#8221;#ffffff&#8221;][vc_column][vc_empty_space height=&#8221;100px&#8221;][/vc_column][/vc_row]</p>
</div>

<p>[vc_row css_animation=&#8221;&#8221; row_type=&#8221;row&#8221; use_row_as_full_screen_section=&#8221;no&#8221; type=&#8221;grid&#8221; angled_section=&#8221;no&#8221; text_align=&#8221;left&#8221; background_image_as_pattern=&#8221;without_pattern&#8221; el_id=&#8221;menuinici&#8221; z_index=&#8221;&#8221; background_color=&#8221;#ffffff&#8221; css=&#8221;.vc_custom_1575023726716{padding-top: 70px !important;padding-bottom: 70px !important;}&#8221;][vc_column width=&#8221;1/2&#8243;][vc_empty_space height=&#8221;30px&#8221;][vc_column_text] Laura Quintana Soms és consultora de projectes socials per a associacions, fundacions i departaments de responsabilitat social corporativa d’empreses privades amb consciència social. La seva activitat està&#8230;</p>
